 - 0 - 8).
5
Evaluate (17 - -4) + -9 + -5.
7
Calculate (-1 - -7) + (-14 - -14 - 12).
-6
What is -4 + 3 - (18 - 23)?
4
What is 8 + (-4 - -1) + -2?
3
What is the value of -6 - (4 + 2 - 14)?
2
What is the value of -2 + 15 + (-11 - -3)?
5
What is the value of -24 + 7 + (1 - -9)?
-7
Evaluate -2 + -1 + -5 + 3 + 4.
-1
What is the value of (-29 - -25) + (0 - (-1 - 5))?
2
Calculate 0 - (1 + (4 - 1) - -5).
-9
What is -2 + (22 + 0 - 11)?
9
Evaluate 1 + -7 - (-16 - -11).
-1
What is the value of 2 + (2 - 4) + -5 + 9?
4
What is 6 + (-2 - (8 - 1))?
-3
Evaluate 20 + -8 - 24 - -21.
9
Calculate -59 - -42 - (0 + -10).
-7
What is the value of -6 - (-2 + (-4 - -6) - 2)?
-4
What is 9 - ((-1 - 5) + 10)?
5
Calculate 2 + (-2 - -5) - 11 - -9.
3
1 + -4 + 1 - (-12 + 7)
3
What is -1 + 5 + 2 + -9?
-3
Evaluate (-4 - -2 - 1) + 2 + 4.
3
What is the value of -20 + 14 + (2 - -1)?
-3
Calculate 7 + 1 + 3 + -7.
4
-2 - (-4 + 2) - -5
5
Evaluate 5 + (-4 - -3) - 9.
-5
What is the value of (2 - 8 - -6) + (1 - 0)?
1
Calculate (-12 - -9) + 1 + 7.
5
Calculate (-33 - -39) + 1 + -2.
5
What is -1 - (-3 + 6 + -3) - -4?
3
What is -3 - ((-12 - -3) + 2)?
4
What is -13 + 2 + (59 - 40)?
8
What is the value of (1 - -2) + (8 - 13) + 1?
-1
-4 - (-1 + -1) - (6 - 4)
-4
Calculate (10 + 3 - 20) + (2 - -1).
-4
Evaluate 5 + (6 - 1) + (4 - 8).
6
What is 10 - (13 + -13 + 7)?
3
What is the value of -6 + (-2 - -5) + (3 - 0)?
0
(0 + -4 - -3) + -4
-5
What is the value of 5 - (-5 - -12) - (0 + -2)?
0
What is 4 + 3 + 1 + 3 + -9?
2
Evaluate 4 + (-1 - 2 - (4 + -8)).
5
0 + 1 + (-1 - -5)
5
What is (-18 - -18) + 1 + -4?
-3
Calculate 1 - -5 - (16 + -5 + -10).
5
Calculate -1 + (2 - (1 - 0)) - 9.
-9
What is -7 - (-10 + 7 - 1)?
-3
-3 - ((8 - 1 - 4) + -5)
-1
Evaluate -4 + -4 + 7 + 0 + 1.
0
Calculate -8 + (-3 - (-2 - 4)).
-5
2 + (0 - 0 - -6 - 3)
5
-1 + 5 + 0 + 1 + -2
3
What is (-11 - -17) + (-2 - (-3 + 3))?
4
(-78 - -81) + (-1 - (1 + -1))
2
-8 - (-4 + -5 + 4 + 2)
-5
What is -4 + (-3 - -5) + (0 - -1)?
-1
What is 6 + -3 + 0 + -3 + 0?
0
0 - (-4 - (-2 + 0))
2
What is the value of (-5 - 8 - -2) + 5?
-6
Evaluate (-4 - -6 - 5 - -8) + -4.
1
Calculate 3 - (-14 + (4 - -1) + 3).
9
What is 3 - 6 - (5 - 2 - -1)?
-7
What is 8 + (0 - 5) - 2?
1
-2 - (-8 + 8 - 2)
0
Calculate 1 + (4 - 2) + -3 - 1.
-1
Evaluate 2 - (15 + -6 + -2).
-5
Evaluate -3 - (-2 + -3 + (0 - -3)).
-1
What is 3 + 0 + -6 - 1?
-4
What is the value of 31 - 28 - (-1 + (4 - -1))?
-1
What is -2 + 14 + -7 - (0 - -7)?
-2
Evaluate -3 - 0 - 3 - -4.
-2
What is the value of 6 - (9 + -6 + 0 + -1)?
4
What is the value of -3 - (-2 - (-1 - -1) - -3)?
-4
-34 + 40 - (15 - 1)
-8
Calculate 4 - -1 - 4 - 2 - -5.
4
What is the value of -1 - 1 - (-26 + 30)?
-6
What is -20 - -23 - (1 - (1 + -1))?
2
What is the value of 1 + 4 + -5 + 4 + -1?
3
Calculate 3 - (9 - 2) - (-4 - -2).
-2
Calculate -4 - (7 + 2 + -13).
0
7 - (3 - (-3 - 4))
-3
Calculate 3 + -5 + 6 + (-3 - -7).
8
Evaluate 0 - (-1 + 5) - -3 - 3.
-4
Evaluate 7 - (10 - (3 - 3 - -1)).
-2
Calculate 0 + (3 + -1 - -2).
4
(2 + -2 - -2 - -1) + 0
3
-6 + 1 + 24 + -24
-5
Evaluate 2 + (4 - 0 - (9 - -2)).
-5
Calculate (-5 - -10 - -1) + -3.
3
Calculate 1 - ((7 - 4) + 1).
-3
What is the value of 3 + (-2 - -2) - (-1 + 0)?
4
Evaluate 4 + -6 + 9 + -2.
5
Calculate 12 + (-3 - (-1 + 4)) - 7.
-1
What is the value of (4 - (8 - 11)) + 2?
9
Calculate (1 - -2 - 1) + -3.
-1
Calculate 2 + (3 - 0) + -1.
4
Calculate -3 + 0 + 5 + 0.
2
What is 5 - (-2 + 7 + -4)?
4
2 + 7 + (-5 - -2) + -6
0
Evaluate 2 + 7 + -3 - (1 + 1).
4
Evaluate -7 + (1 - (-3 + (-4 - -5))).
-4
Calculate -4 + -4 + (-8 - -7 - -1).
-8
Evaluate 2 - (0 - ((4 - -2) + -6)).
2
Evaluate 0 + (-5 - -8 - 3).
0
What is the value of -1 - -7 - (7 + -4)?
3
-4 + 0 + (-4 - -4)
-4
Evaluate 4 + (-1 - (1 + 0)).
2
What is the value of -1 + (-3 - (4 - 2 - 8))?
2
Calculate 2 + -8 + 8 + -5.
-3
Calculate (19 - 15) + -3 + -4.
-3
3 + (-2 + -7 - -1)
-5
What is the value of 0 - (4 - (0 - (-3 + -2)))?
1
Evaluate 3 + (9 - (3 + 2)) - 3.
4
Calculate 5 + 1 + 7 + -18 + 2.
-3
What is the value of -116 - -123 - (2 + -2)?
7
Calculate -2 - 2 - (-3 + -3).
2
-2 - (-8 + (3 - 1) + 1)
3
-3 - (6 + -13 - (1 - 0))
5
What is 1 + 0 - ((-4 - 1) + 5)?
1
What is -2 + 8 + -2 + 1?
5
What is the value of 3 - (-1 + 3 + 3)?
-2
Evaluate 3 - (3 - 10) - 5.
5
Calculate (5 - 7) + (2 - -6).
6
0 - (6 + (-2 - 17) - -6)
7
What is 1 - (5 - 0) - (-12 + 9)?
-1
What is the value of 0 + (-1 - -3 - (1 - 1))?
2
(0 - -2) + 6 + -12 - 0
-4
Evaluate -2 - (1 + 3 + -1 + 0).
-5
Evaluate -4 + 11 + (-3 - (3 + -2)).
3
Evaluate (-6 + 10 - -6) + -12.
-2
-17 + 17 - (2 + (1 - 0))
-3
-6 + (6 - -3) - 3
0
0 - (-4 + 7) - (3 - 2)
-4
What is the value of 0 + 4 + 2 - (-4 + 7)?
3
(3 - 7) + 2 + (2 - 1)
-1
What is the value of (-5 - -7) + (-6 - -6)?
2
What is -12 + 12 + -3 - -4?
1
What is 0 - (4 + (-3 - (-3 + 1)))?
-3
Calculate -2 + (2 + -1 - -3).
2
Calculate -11 - ((-3 - -14) + -19).
-3
Calculate 4 + 0 - (-8 - (10 - 18)).
4
Evaluate 7 + (7 + 2 - 18).
-2
-1 - (8 + -4 + -7)
2
What is the value of 2 + (-8 - (-3 + -5) - -5)?
7
-7 - (0 + -3) - -1
-3
Calculate (4 - (-2 - -7)) + (-3 - 1).
-5
What is -4 + (-4 - -13 - 5)?
0
What is the value of -2 - (0 - ((-1 - 3) + 3))?
-3
-1 + -5 - (31 + -39)
2
-1 + 4 - (6 + -6)
3
Evaluate (-5 - -5 - 11) + 6.
-5
Evaluate -6 + -1 - (-3 + 8 + -10).
-2
What is 0 + -1 - (27 + -27)?
-1
What is the value of 2 + 0 - (4 + -1 + -4)?
3
Evaluate (3 - 5) + (-35 - -43).
6
Evaluate 3 - 6 - (-4 - 0).
1
Evaluate (-21 - -22) + -1 + 7 + -2.
5
Evaluate (4 - 1) + (-8 - (0 + 0)).
-5
Evaluate (6 - (-4 + 17)) + 3.
-4
What is -4 + (12 - 3) - 2 - 6?
-3
(4 - -2) + -33 + 36
9
-7 + (7 - 5) + 3
-2
Calculate 0 - -2 - (-7 + 1 - -12).
-4
What is the value of (-11 - -2) + (-1 - -4) - -2?
-4
What is (3 - 3) + (-1 - (-1 - -1))?
-1
Calculate 1 - (11 + -6 - 1).
-3
What is the value of -14 - (4 + 2 - 5 - 7)?
-8
-3 + -3 + -1 + 4
-3
What is 3 + -10 + 6 + 0 + 6?
5
Calculate (-2 - -2 - -2) + 1.
3
Calculate -1 + (4 - (6 + -2)).
-1
Evaluate -8 - (-25 + 13 + 2).
2
(-5 - 0) + 12 + (17 - 20)
4
What is 3 - -3 - (10 - 7) - -2?
5
What is the value of 2 - 1 - (-73 + 76)?
-2
Evaluate -3 + 7 + 4 - 2.
6
Evaluate -4 + 4 + (-8 - -13).
5
6 + 1 - 4 - 1
2
What is (-3 - (-4 - 4)) + -2?
3
What is the value of -6 + -2 - (2 - 7) - 0?
-3
What is the value of -15 + 6 + (7 - 5)?
-7
-9 + 0 + (4 - 2) + 2
-5
What is -8 + 14 + -5 - (1 + -3)?
3
What is 1 - (-3 - 5 - -4)?
5
Evaluate 5 + -2 + (-4 - 3).
-4
Calculate 8 - 7 - (-5 + -6 + 7).
5
Evaluate -14 - -7 - (-3 + (-2 - 3)).
1
Calculate -1 + -2 + 8 + -10.
-5
10 - (12 - 4) - -4
6
Evaluate -1 + -3 + 2 + -2.
-4
(2 - 3) + 10 + (-10 - -6)
5
0 + -1 + 2 + -5 + 8
4
What is the value of 0 + (-5 - -1) - (-45 - -44)?
-3
(-3 - -6) + (-2 - (0 + -1))
2
What is the value of -17 - -12 - (1 - 0)?
-6
What is -5 + 0 + -2 - (-4 - 0)?
-3
Evaluate -1 + (-6 - (5 - 7)).
-5
(10 - 8) + -10 + 7
-1
Calculate 1 + 0 + -7 + 4.
-2
Evaluate -1 - (2 - 1 - (4 - 2)).
0
3 + -2 - -1 - (19 - 16)
-1
Calculate (-22 - (-44 + 17)) + (0 - 5).
0
Calculate 14 + -9 + 0 + 0 + -3.
2
What is the value of 1 + -1 + 2 + -7 + 7?
2
Calculate -4 + 0 + (14 - 14 - 0).
-4
Evaluate -7 + 14 + (-7 - -13) + -5.
8
What is -1 + -3 + 10 + -5?
1
What is 1 + (-1 - (-4 - (-1 - -1)))?
4
What is 5 + -1 - (1 - 2)?
5
5 + 1 - 9 - (-2 + 2)
-3
Calculate 42 + -43 + (-1 - (0 + -5)).
3
What is the value of (10 - (-4 - -8)) + 0 + -16?
-10
Evaluate 2 + -1 + -3 + -1.
-3
13 + -4 + -2 + -3 + 0
4
Evaluate -3 - (-6 - (-6 + (4 - 4))).
-3
-2 - ((0 - -4) + -8 + -3)
5
Calculate -2 + 8 - (-1 - -3) - -1.
5
Evaluate 33 + -27 - (1 - -3).
2
What is 11 + (-5 + 2 - 5)?
3
(-10 - -2) + (63 - 61)
-6
Calculate (-1 - 3) + (1 - (-12 - -6)).
3
Evaluate -7 - (-5 + -3 + 0).
1
Calculate 3 - (2 + -1 + 0 + 3).
-1
Calculate 0 + (-10 - -11) + 0.
1
Calculate 2 - (4 - (2 + (4 - 3))).
1
Calculate 0 + -5 - (1 + -9).
3
Evaluate -5 + (8 - 4) + -2.
-3
Evaluate -9 + (4 - (-7 - -6)).
-4
What is the value of -8 - (6 + (-14 - 2))?
2
-6 + (6 + -1 - -1)
0
-9 + (-9 - -19) - 3
-2
Calculate 13 - (4 + 3) - (-2 - -9).
-1
What is -44 - -36 - (-12 + 0)?
4
Calculate -6 + (-4 + 8 - (-4 - -6)).
-4
What is the value of 0 + (-1 + 0 - 0)?
-1
What is -5 - (1 - (-2 - -4))?
-4
Evaluate (-2 - 3) + (5 - -4) + 1.
5
Calculate -1 + (2 + (0 - -1) - 2).
0
1 + (0 - -2) - (130 + -133)
6
Evaluate -3 + (-7 + 5 + -2 - -7).
0
What is the value